digit of u?
3
Let y be -1 - -8 - (-7 + -2)/(-3). Suppose -y*d + 6*d = -5*b + 386, b = d + 73. What is the tens digit of b?
7
Let w(n) = -4*n**2 + n - 2*n**2 - 3 + n**2 + n**3. Let m be w(5). Suppose -6*q + m*q + 4 = 0. What is the units digit of q?
1
Suppose -11 = 3*l - 5*w, -l + 2*w - 1 = 4. Suppose -o = l*o. Suppose -2*t + 4*f = -22, 3 = t - o*f - 4*f. What is the tens digit of t?
1
Let i(l) = 16*l - 725. What is the tens digit of i(57)?
8
Let g(o) = -o**3 - 9*o**2 + o + 7. Let s be g(-9). Let v(z) = -28*z + 4. What is the tens digit of v(s)?
6
Suppose -239 = -x - d, -5*x + d + 273 + 904 = 0. Suppose -3*m + x = -m. What is the hundreds digit of m?
1
Suppose h = -100*y + 95*y + 16473, 4*y - 3*h - 13186 = 0. What is the thousands digit of y?
3
What is the hundreds digit of -148*(20/(-16) + (-9)/12)?
2
Suppose 270 = 4*i - 66. Suppose -q + i = 2*q. What is the tens digit of q?
2
Let b(l) = -l - 4. Let d be 152/(-16) - (-1)/2. Let f be b(d). What is the tens digit of f/((-10)/(-6)) + 28?
3
Suppose 2*b = u + 11, 2*b - 3*u - 6 = -5. Let i be 2/15 + b/(-60). What is the tens digit of (1 + 7)*(i + 4)?
3
Suppose -63*g = -114*g + 61302. What is the thousands digit of g?
1
Suppose 12 = 7*i - 72. Suppose 0 = 4*w + 4*l - i - 140, 3*w - 107 = 4*l. What is the tens digit of w?
3
What is the units digit of 2*((-1402)/(-4) - 0)?
1
Let m(q) = -q**2 + 3*q - 2. Let f be m(2). Suppose a = -f*a. What is the tens digit of (a - 44/(-12))*3?
1
What is the tens digit of (-9988)/(-22) + (10 - 1)?
6
Let q(v) = -v**3 - v**2 + 1. Let n be q(1). Let x be (8 - -1)*(-10)/2. Let c = n - x. What is the units digit of c?
4
Let z(b) = -b + 34. Let n be z(16). Suppose -2*o + 0*o - 17 = 5*c, -2*c = -2*o + n. What is the units digit of 8/12*150/o?
5
Let l(v) = -v**3 - 3*v**2 + 7*v - 9. Let o be l(-5). Suppose -o*n + 168 = -0*n. What is the tens digit of n?
2
Let f = 595 - 425. What is the tens digit of f?
7
Let r(f) = -f**3 + f - 2. Let t be r(-2). Suppose t*a = 3*a + 31. What is the units digit of a?
1
Let b be (-26)/(-9) - (-4)/36. Suppose b*v - h + 5*h - 592 = 0, 3*v = -3*h + 597. What is the units digit of v?
4
Let s(a) = -a**3 - 3*a**2 - 3*a - 3. Let i be s(-3). Let u(z) = -3*z**3 + 10*z**2 + 22*z + 2. Let t be u(-2). Let r = t - i. What is the units digit of r?
6
Suppose 19*h - 8551 = 2*h. What is the tens digit of h?
0
Let a(u) = u**3 - 5*u - 2. Let c be a(0). Let n = -1 - -5. Let z = n + c. What is the units digit of z?
2
Suppose 3*d - 1382 + 254 = 0. What is the hundreds digit of d?
3
Suppose -5*y + 45 = -10. Let a = y - 6. Suppose 0 = -4*d - 4*x + 176, -9 = a*d + 4*x - 226. What is the units digit of d?
1
Suppose 10*a - 2*l = 5*a + 1100, 2*l = -5*a + 1100. What is the hundreds digit of a?
2
Let s = 744 - 272. Suppose -2*l + s = -66. What is the hundreds digit of l?
2
Suppose 4*g = -f - 15, 3*f = g - 1 - 44. Let s = 45 + f. What is the tens digit of s?
3
Suppose 15*p = -11*p + 16276. What is the tens digit of p?
2
Suppose 5*j - 287 = -w + 1295, -305 = -j - 4*w. What is the hundreds digit of j?
3
Suppose 9 = x + 5. Suppose 8 = 2*b, -2*b + x*b = j - 13. What is the tens digit of j?
2
Suppose -13 = -b + v, b + 3*v - 105 = -4*b. Suppose 8*s = 11*s - b. What is the units digit of s/2 - 2 - -23?
4
Suppose -2*s + 1786 = m, -4*s + 7616 - 452 = 4*m. What is the hundreds digit of m?
7
Let s(x) = 4*x**2 + 6*x + 3. Suppose 11*c + 8 = 9*c. Let g be s(c). Let y = g + -21. What is the units digit of y?
2
Let m = -1 - -13. Let c be ((-66)/(-9))/(2/m). Suppose -t = t - c. What is the tens digit of t?
2
Let r = 19 + -11. What is the units digit of 3/(12/r) - -19?
1
Let b = -125 + -85. What is the tens digit of (b/25)/(129/(-60) - -2)?
5
Let h(v) = v**3 + 2*v**2 - 2*v. Let k be h(-4). Let q be ((-14)/(-8))/(-7) - 1585/(-20). Let c = q + k. What is the units digit of c?
5
Let b be 66 + 1*(-3 - -7). Suppose -b = v - 160. What is the tens digit of v?
9
Let u(x) = 2*x**2 + 12*x + 7. What is the units digit of u(11)?
1
Suppose q + 80 = 5*t + 6*q, 21 = t - 4*q. Suppose 0 = -5*c + 104 - 34. Suppose t*o - 102 = c*o. What is the units digit of o?
4
Suppose -8 = 9*j + 10. What is the units digit of 1404/39*(j/(-4) + 0)?
8
Suppose -4*y = -3*q + 4, 5*q + 5 = 25. What is the tens digit of (-4)/8 + ((-293)/(-2) - y)?
4
Let y = -4200 + 6155. What is the hundreds digit of y?
9
Let m be (-13)/4 - (-6)/(-8). Let b be (7 + -5)*(-2 - -1). What is the tens digit of b/m - (-25)/2?
1
Let r be 0/(2/(-1))*-1. Let f be r/3 - (7 + 2). Let j = 37 + f. What is the tens digit of j?
2
Suppose 2*v - 48 = -v. Let j = v - -34. Let s = j + 12. What is the units digit of s?
2
What is the units digit of 6/8*(-4 - -2 - -70)?
1
What is the units digit of -4*(-5)/20 + -1 + 500?
0
Let m(o) = -o**3 + 9*o**2 - 4*o - 19. Let n = -10 - -18. What is the units digit of m(n)?
3
Let q = 90 - 31. Let y be (-15)/(-20) + q/(-4). What is the units digit of (12/y)/(5/(-140))?
4
Suppose -133 = -8*f + 1827. What is the units digit of f?
5
Let q be ((-36)/90)/(2/(-20)). Suppose -20 = -q*v + 4. Suppose v*g + 0*g = 96. What is the units digit of g?
6
Let m(b) = 23*b**3 + b**2 - b + 1. Let g = 35 - 34. Let u be m(g). What is the tens digit of (-114)/4*u/(-18)?
3
Let d be ((-20)/(-170) + (-10083)/17)/1. Let j = -375 - d. What is the hundreds digit of j?
2
Suppose 1660 = n + 4*n. Suppose 9*t = 7*t + n. What is the units digit of t?
6
Suppose -2*l - 2*t = -38 + 176, 142 = -2*l + 2*t. Let s be (7 - 3) + -3 + l. What is the units digit of 2/4 + s/(-2)?
5
Let k = 2393 + -1043. What is the tens digit of k?
5
Let c be (-1)/3 - (-4)/(24/98). Suppose -c*y = -18*y + 200. What is the hundreds digit of y?
1
Suppose 29*k - 670 = 24*k. Let q = 193 - k. What is the tens digit of q?
5
Let u(f) = f**2 - 13*f + 14. Let m be u(12). Suppose 3 = -m*k + 17. Suppose -3*z - k*r = -2*r - 213, -3*z + 3*r + 237 = 0. What is the units digit of z?
6
Suppose -3*z + 80 = 5*n, -n + 122 = 4*z - 2*n. What is the tens digit of ((-12)/5)/((-6)/z)?
1
Let x(r) = -12*r + 35. Let c(n) = -3*n + 9. Let d be 4*2*(-3)/12. Let w(z) = d*x(z) + 9*c(z). What is the tens digit of w(-13)?
5
Let s(b) = -b**3 - 17*b**2 - 16*b + 71. What is the units digit of s(-21)?
1
Suppose -12*t + 10*t + 1062 = 0. What is the units digit of t?
1
Suppose -1497 = -h - 5*d, -5*h = -2*d + d - 7615. What is the hundreds digit of h?
5
Suppose -77 = -16*u + 35. What is the units digit of u?
7
Let b(l) = 6*l**2 + 2*l + 2. Let s be b(-4). Suppose 48 = -14*m + 26*m. Suppose -m*h = -5*y + s + 224, 0 = y + 2*h - 74. What is the tens digit of y?
6
Suppose 2*o + 182 = 2*q, 0*o = -2*o + 10. Suppose 4*p - q = 200. What is the units digit of p?
4
Let r be (-3 - -20)/(2/152). Let m = -917 + r. Suppose 0 = 7*q - 2*q - m. What is the tens digit of q?
7
Suppose -3*z + 5*d + 32 = 0, -4*z + d + 8 = 3*d. Suppose -127 + 31 = z*k. Let h = 0 - k. What is the tens digit of h?
2
Suppose 0 = -5*m + 39 + 26. Let r = -8 + m. What is the tens digit of (-7 + r)/((-2)/18)?
1
What is the hundreds digit of 4 + 348 + 4/4?
3
Let o(m) = 67*m + 44. What is the thousands digit of o(19)?
1
Let d(b) = b**2 - 14*b + 4. Let a be d(18). Let f = 174 - a. What is the units digit of f?
8
Suppose 0 = -4*f + 2*f - 16. Suppose 5*h - 138 = -3. Let r = f + h. What is the units digit of r?
9
Let p(a) = -a**3 - 7*a**2 - 3*a + 4. Let z be p(-5). Let j = z - -36. Suppose -60 = -2*u - 5*m, 0 = -8*u + 3*u - j*m + 165. What is the units digit of u?
5
Suppose -2*k + k - 60 = 0. Let h be (-38)/(-8) - 15/k. Suppose h*u - 4*z - 228 = 0, -u + 27 + 9 = -4*z. What is the units digit of u?
8
Suppose -3*l + d + 2664 = -1148, -l + d + 1274 = 0. What is the units digit of l?
9
Let g = 14344 + -9133. What is the units digit of g?
1
Let b(q) = -8*q + 12. Let x(m) = -7*m + 11. Let o(y) = -3*b(y) + 4*x(y). What is the tens digit of o(-6)?
3
Suppose -23*c = -62011 - 963. What is the hundreds digit of c?
7
Let v = -3 + 77. Suppose 60*u - 61*u = -v. What is the tens digit of u?
7
Let y be (-108)/(-26) + 8/(-52). Let u(z) = z**2 + z - 1. What is the units digit of u(y)?
9
Let i be -3 + 4/(-4)*3. What is the units digit of (-33)/i*(-1 + 7)?
3
Let z be 30/(-10) + (2 - 0) + 1. Suppose 0 = -3*u + 5*u - 5*l - 230, z = u + 2*l - 106. What is the hundreds digit of u?
1
Let l(i) = 5*i**2 + 7*i - 7.